{"id":566,"date":"2025-02-07T09:57:36","date_gmt":"2025-02-07T08:57:36","guid":{"rendered":"https:\/\/bigliaconsulting.mailconversion.com\/?page_id=566"},"modified":"2025-02-07T12:18:40","modified_gmt":"2025-02-07T11:18:40","slug":"aviso-legal","status":"publish","type":"page","link":"https:\/\/bigliaconsulting.com\/index.php\/aviso-legal\/","title":{"rendered":"Aviso Legal"},"content":{"rendered":"\t\t<div data-elementor-type=\"wp-page\" data-elementor-id=\"566\" class=\"elementor elementor-566\" data-elementor-post-type=\"page\">\n\t\t\t\t\t\t\t<div class=\"elementor-element elementor-element-77a168a5 e-flex e-con-boxed e-con e-parent\" data-id=\"77a168a5\" data-element_type=\"container\" data-settings=\"{&quot;content_width&quot;:&quot;boxed&quot;}\" data-core-v316-plus=\"true\">\n\t\t\t\t\t<div class=\"e-con-inner\">\n\t\t\t\t<div class=\"elementor-element elementor-element-cb08ac1 elementor-widget elementor-widget-heading\" data-id=\"cb08ac1\" data-element_type=\"widget\" data-widget_type=\"heading.default\">\n\t\t\t\t<div class=\"elementor-widget-container\">\n\t\t\t<style>\/*! elementor - v3.18.0 - 06-12-2023 *\/\n.elementor-heading-title{padding:0;margin:0;line-height:1}.elementor-widget-heading .elementor-heading-title[class*=elementor-size-]>a{color:inherit;font-size:inherit;line-height:inherit}.elementor-widget-heading .elementor-heading-title.elementor-size-small{font-size:15px}.elementor-widget-heading .elementor-heading-title.elementor-size-medium{font-size:19px}.elementor-widget-heading .elementor-heading-title.elementor-size-large{font-size:29px}.elementor-widget-heading .elementor-heading-title.elementor-size-xl{font-size:39px}.elementor-widget-heading .elementor-heading-title.elementor-size-xxl{font-size:59px}<\/style><h2 class=\"elementor-heading-title elementor-size-default\">AVISO LEGAL<\/h2>\t\t<\/div>\n\t\t\t\t<\/div>\n\t\t\t\t<div class=\"elementor-element elementor-element-226f0cb7 elementor-widget elementor-widget-text-editor\" data-id=\"226f0cb7\" data-element_type=\"widget\" data-widget_type=\"text-editor.default\">\n\t\t\t\t<div class=\"elementor-widget-container\">\n\t\t\t<style>\/*! elementor - v3.18.0 - 06-12-2023 *\/\n.elementor-widget-text-editor.elementor-drop-cap-view-stacked .elementor-drop-cap{background-color:#69727d;color:#fff}.elementor-widget-text-editor.elementor-drop-cap-view-framed .elementor-drop-cap{color:#69727d;border:3px solid;background-color:transparent}.elementor-widget-text-editor:not(.elementor-drop-cap-view-default) .elementor-drop-cap{margin-top:8px}.elementor-widget-text-editor:not(.elementor-drop-cap-view-default) .elementor-drop-cap-letter{width:1em;height:1em}.elementor-widget-text-editor .elementor-drop-cap{float:left;text-align:center;line-height:1;font-size:50px}.elementor-widget-text-editor .elementor-drop-cap-letter{display:inline-block}<\/style>\t\t\t\t<p>El presente aviso legal regula el uso del sitio web bigliaconsulting.com (en adelante, el \u00abSitio Web\u00bb) con CIF X3773207B con domicilio en C\/Maia n77, Denia, Alicante, 03700.<\/p>\n<h3><strong>LEGISLACI\u00d3N<\/strong><\/h3>\n<p>Con car\u00e1cter general las relaciones entre SILVANA CLAUDIA BIGLIA con los Usuarios de sus servicios telem\u00e1ticos, presentes en este sitio web, se encuentran sometidas a la legislaci\u00f3n y jurisdicci\u00f3n espa\u00f1olas.<\/p>\n<h3><strong>USO Y ACCESO DE USUARIOS<\/strong><\/h3>\n<p>El Usuario queda informado, y acepta, que el acceso a la presente web no supone, en modo alguno, el inicio de una relaci\u00f3n comercial con SILVANA CLAUDIA BIGLIA o cualquiera de sus distribuidores.<\/p>\n<h3><strong>PROPIEDAD INTELECTUAL E INDUSTRIAL<\/strong><\/h3>\n<p>Los derechos de propiedad intelectual del contenido de las p\u00e1ginas web, su dise\u00f1o gr\u00e1fico y c\u00f3digos son titularidad de SILVANA CLAUDIA BIGLIA y, por tanto, queda prohibida su reproducci\u00f3n, distribuci\u00f3n, comunicaci\u00f3n p\u00fablica, transformaci\u00f3n o cualquier otra actividad que se pueda realizar con los contenidos de sus p\u00e1ginas web ni aun citando las fuentes, salvo consentimiento por escrito de SILVANA CLAUDIA BIGLIA.<\/p>\n<h3><strong>HIPERENLACES<\/strong><\/h3>\n<p>Aquellas personas que se propongan establecer hiperenlaces entre su p\u00e1gina Web y la P\u00e1gina deber\u00e1n observar y cumplir las condiciones siguientes:<\/p>\n<ul>\n<li>No ser\u00e1 necesaria autorizaci\u00f3n previa cuando el Hiperenlace permita \u00fanicamente el acceso a la p\u00e1gina de inicio, pero no podr\u00e1 reproducirla de ninguna forma. Cualquier otra forma de Hiperenlace requerir\u00e1 la autorizaci\u00f3n expresa e inequ\u00edvoca por escrito por parte de SILVANA CLAUDIA BIGLIA.<\/li>\n<li>\u00a0No se crear\u00e1n \u201cmarcos\u201d (\u201cframes\u201d) con las p\u00e1ginas Web ni sobre las p\u00e1ginas Web de SILVANA CLAUDIA BIGLIA.<\/li>\n<li>No se realizar\u00e1n manifestaciones o indicaciones falsas, inexactas, u ofensivas sobre SILVANA CLAUDIA BIGLIA sus directivos, sus empleados o colaboradores, o de las personas que se relacionen en la P\u00e1gina por cualquier motivo, o de los Usuarios de las P\u00e1gina, o de los Contenidos suministrados.<\/li>\n<li>No se declarar\u00e1 ni se dar\u00e1 a entender que SILVANA CLAUDIA BIGLIA ha autorizado el Hiperenlace o que ha supervisado o asumido de cualquier forma los Contenidos ofrecidos o puestos a disposici\u00f3n de la p\u00e1gina Web en la que se establece el Hiperenlace.<\/li>\n<li>La p\u00e1gina Web en la que se establezca el Hiperenlace solo podr\u00e1 contener lo estrictamente necesario para identificar el destino del Hiperenlace.<\/li>\n<li>La p\u00e1gina Web en la que se establezca el Hiperenlace no contendr\u00e1 informaciones o contenidos il\u00edcitos, contrarios a la moral y a las buenas costumbres generalmente aceptadas y al orden p\u00fablico, as\u00ed como tampoco contendr\u00e1 contenidos contrarios a cualesquiera derechos de terceros.<\/li>\n<\/ul>\t\t\t\t\t\t<\/div>\n\t\t\t\t<\/div>\n\t\t\t\t\t<\/div>\n\t\t\t\t<\/div>\n\t\t\t\t\t\t\t<\/div>\n\t\t","protected":false},"excerpt":{"rendered":"<p>AVISO LEGAL El presente aviso legal regula el uso del sitio web bigliaconsulting.com (en adelante, el \u00abSitio Web\u00bb) con CIF X3773207B con domicilio en C\/Maia n77, Denia, Alicante, 03700. LEGISLACI\u00d3N Con car\u00e1cter general las relaciones entre SILVANA CLAUDIA BIGLIA con los Usuarios de sus servicios telem\u00e1ticos, presentes en este sitio web, se encuentran sometidas a [&hellip;]<\/p>\n","protected":false},"author":4,"featured_media":0,"parent":0,"menu_order":0,"comment_status":"closed","ping_status":"closed","template":"","meta":{"footnotes":""},"yoast_head":"<!-- This site is optimized with the Yoast SEO plugin v21.7 - https:\/\/yoast.com\/wordpress\/plugins\/seo\/ -->\n<title>Aviso Legal - Biglia Consulting<\/title>\n<meta name=\"robots\" content=\"noindex, follow, max-snippet:-1, max-image-preview:large, max-video-preview:-1\" \/>\n<meta property=\"og:locale\" content=\"es_ES\" \/>\n<meta property=\"og:type\" content=\"article\" \/>\n<meta property=\"og:title\" content=\"Aviso Legal - Biglia Consulting\" \/>\n<meta property=\"og:description\" content=\"AVISO LEGAL El presente aviso legal regula el uso del sitio web bigliaconsulting.com (en adelante, el \u00abSitio Web\u00bb) con CIF X3773207B con domicilio en C\/Maia n77, Denia, Alicante, 03700. LEGISLACI\u00d3N Con car\u00e1cter general las relaciones entre SILVANA CLAUDIA BIGLIA con los Usuarios de sus servicios telem\u00e1ticos, presentes en este sitio web, se encuentran sometidas a [&hellip;]\" \/>\n<meta property=\"og:url\" content=\"https:\/\/bigliaconsulting.com\/index.php\/aviso-legal\/\" \/>\n<meta property=\"og:site_name\" content=\"Biglia Consulting\" \/>\n<meta property=\"article:modified_time\" content=\"2025-02-07T11:18:40+00:00\" \/>\n<meta name=\"twitter:card\" content=\"summary_large_image\" \/>\n<meta name=\"twitter:label1\" content=\"Tiempo de lectura\" \/>\n\t<meta name=\"twitter:data1\" content=\"2 minutos\" \/>\n<script type=\"application\/ld+json\" class=\"yoast-schema-graph\">{\"@context\":\"https:\/\/schema.org\",\"@graph\":[{\"@type\":\"WebPage\",\"@id\":\"https:\/\/bigliaconsulting.com\/index.php\/aviso-legal\/\",\"url\":\"https:\/\/bigliaconsulting.com\/index.php\/aviso-legal\/\",\"name\":\"Aviso Legal - Biglia Consulting\",\"isPartOf\":{\"@id\":\"https:\/\/bigliaconsulting.com\/#website\"},\"datePublished\":\"2025-02-07T08:57:36+00:00\",\"dateModified\":\"2025-02-07T11:18:40+00:00\",\"breadcrumb\":{\"@id\":\"https:\/\/bigliaconsulting.com\/index.php\/aviso-legal\/#breadcrumb\"},\"inLanguage\":\"es\",\"potentialAction\":[{\"@type\":\"ReadAction\",\"target\":[\"https:\/\/bigliaconsulting.com\/index.php\/aviso-legal\/\"]}]},{\"@type\":\"BreadcrumbList\",\"@id\":\"https:\/\/bigliaconsulting.com\/index.php\/aviso-legal\/#breadcrumb\",\"itemListElement\":[{\"@type\":\"ListItem\",\"position\":1,\"name\":\"Portada\",\"item\":\"https:\/\/bigliaconsulting.com\/\"},{\"@type\":\"ListItem\",\"position\":2,\"name\":\"Aviso Legal\"}]},{\"@type\":\"WebSite\",\"@id\":\"https:\/\/bigliaconsulting.com\/#website\",\"url\":\"https:\/\/bigliaconsulting.com\/\",\"name\":\"Biglia Consulting\",\"description\":\"inversi\u00f3n para empresas\",\"publisher\":{\"@id\":\"https:\/\/bigliaconsulting.com\/#organization\"},\"potentialAction\":[{\"@type\":\"SearchAction\",\"target\":{\"@type\":\"EntryPoint\",\"urlTemplate\":\"https:\/\/bigliaconsulting.com\/?s={search_term_string}\"},\"query-input\":\"required name=search_term_string\"}],\"inLanguage\":\"es\"},{\"@type\":\"Organization\",\"@id\":\"https:\/\/bigliaconsulting.com\/#organization\",\"name\":\"Biglia Consulting\",\"url\":\"https:\/\/bigliaconsulting.com\/\",\"logo\":{\"@type\":\"ImageObject\",\"inLanguage\":\"es\",\"@id\":\"https:\/\/bigliaconsulting.com\/#\/schema\/logo\/image\/\",\"url\":\"https:\/\/bigliaconsulting.com\/wp-content\/uploads\/2023\/12\/LOGO.svg\",\"contentUrl\":\"https:\/\/bigliaconsulting.com\/wp-content\/uploads\/2023\/12\/LOGO.svg\",\"width\":350,\"height\":100,\"caption\":\"Biglia Consulting\"},\"image\":{\"@id\":\"https:\/\/bigliaconsulting.com\/#\/schema\/logo\/image\/\"}}]}<\/script>\n<!-- \/ Yoast SEO plugin. -->","yoast_head_json":{"title":"Aviso Legal - Biglia Consulting","robots":{"index":"noindex","follow":"follow","max-snippet":"max-snippet:-1","max-image-preview":"max-image-preview:large","max-video-preview":"max-video-preview:-1"},"og_locale":"es_ES","og_type":"article","og_title":"Aviso Legal - Biglia Consulting","og_description":"AVISO LEGAL El presente aviso legal regula el uso del sitio web bigliaconsulting.com (en adelante, el \u00abSitio Web\u00bb) con CIF X3773207B con domicilio en C\/Maia n77, Denia, Alicante, 03700. LEGISLACI\u00d3N Con car\u00e1cter general las relaciones entre SILVANA CLAUDIA BIGLIA con los Usuarios de sus servicios telem\u00e1ticos, presentes en este sitio web, se encuentran sometidas a [&hellip;]","og_url":"https:\/\/bigliaconsulting.com\/index.php\/aviso-legal\/","og_site_name":"Biglia Consulting","article_modified_time":"2025-02-07T11:18:40+00:00","twitter_card":"summary_large_image","twitter_misc":{"Tiempo de lectura":"2 minutos"},"schema":{"@context":"https:\/\/schema.org","@graph":[{"@type":"WebPage","@id":"https:\/\/bigliaconsulting.com\/index.php\/aviso-legal\/","url":"https:\/\/bigliaconsulting.com\/index.php\/aviso-legal\/","name":"Aviso Legal - Biglia Consulting","isPartOf":{"@id":"https:\/\/bigliaconsulting.com\/#website"},"datePublished":"2025-02-07T08:57:36+00:00","dateModified":"2025-02-07T11:18:40+00:00","breadcrumb":{"@id":"https:\/\/bigliaconsulting.com\/index.php\/aviso-legal\/#breadcrumb"},"inLanguage":"es","potentialAction":[{"@type":"ReadAction","target":["https:\/\/bigliaconsulting.com\/index.php\/aviso-legal\/"]}]},{"@type":"BreadcrumbList","@id":"https:\/\/bigliaconsulting.com\/index.php\/aviso-legal\/#breadcrumb","itemListElement":[{"@type":"ListItem","position":1,"name":"Portada","item":"https:\/\/bigliaconsulting.com\/"},{"@type":"ListItem","position":2,"name":"Aviso Legal"}]},{"@type":"WebSite","@id":"https:\/\/bigliaconsulting.com\/#website","url":"https:\/\/bigliaconsulting.com\/","name":"Biglia Consulting","description":"inversi\u00f3n para empresas","publisher":{"@id":"https:\/\/bigliaconsulting.com\/#organization"},"potentialAction":[{"@type":"SearchAction","target":{"@type":"EntryPoint","urlTemplate":"https:\/\/bigliaconsulting.com\/?s={search_term_string}"},"query-input":"required name=search_term_string"}],"inLanguage":"es"},{"@type":"Organization","@id":"https:\/\/bigliaconsulting.com\/#organization","name":"Biglia Consulting","url":"https:\/\/bigliaconsulting.com\/","logo":{"@type":"ImageObject","inLanguage":"es","@id":"https:\/\/bigliaconsulting.com\/#\/schema\/logo\/image\/","url":"https:\/\/bigliaconsulting.com\/wp-content\/uploads\/2023\/12\/LOGO.svg","contentUrl":"https:\/\/bigliaconsulting.com\/wp-content\/uploads\/2023\/12\/LOGO.svg","width":350,"height":100,"caption":"Biglia Consulting"},"image":{"@id":"https:\/\/bigliaconsulting.com\/#\/schema\/logo\/image\/"}}]}},"_links":{"self":[{"href":"https:\/\/bigliaconsulting.com\/index.php\/wp-json\/wp\/v2\/pages\/566"}],"collection":[{"href":"https:\/\/bigliaconsulting.com\/index.php\/wp-json\/wp\/v2\/pages"}],"about":[{"href":"https:\/\/bigliaconsulting.com\/index.php\/wp-json\/wp\/v2\/types\/page"}],"author":[{"embeddable":true,"href":"https:\/\/bigliaconsulting.com\/index.php\/wp-json\/wp\/v2\/users\/4"}],"replies":[{"embeddable":true,"href":"https:\/\/bigliaconsulting.com\/index.php\/wp-json\/wp\/v2\/comments?post=566"}],"version-history":[{"count":8,"href":"https:\/\/bigliaconsulting.com\/index.php\/wp-json\/wp\/v2\/pages\/566\/revisions"}],"predecessor-version":[{"id":667,"href":"https:\/\/bigliaconsulting.com\/index.php\/wp-json\/wp\/v2\/pages\/566\/revisions\/667"}],"wp:attachment":[{"href":"https:\/\/bigliaconsulting.com\/index.php\/wp-json\/wp\/v2\/media?parent=566"}],"curies":[{"name":"wp","href":"https:\/\/api.w.org\/{rel}","templated":true}]}}